)?
-7
Let f(r) = -41*r**3 + 11*r**2 - 18*r - 65. Determine f(-3).
1195
Let v(o) = -4*o**3 - 2*o**2 - 20*o + 55. Determine v(2).
-25
Let w(o) = o**2 + 1056*o + 277264. Give w(-567).
1
Let i(a) = -157790*a - 27928827. Give i(-177).
3
Let g(h) = 81820*h - 5154660. Calculate g(63).
0
Let k(f) = 9*f**2 + 213*f + 643. Calculate k(-19).
-155
Let s(b) = 1989656*b - 25865516. Calculate s(13).
12
Let h(a) = -238*a**3 - 12*a**2 + 144*a - 129. Determine h(1).
-235
Let d(q) = -12530*q - 37532. Calculate d(-3).
58
Let c(y) = 1113*y - 25568. Determine c(23).
31
Let v(r) = 2446*r + 418273. Give v(-171).
7
Let z(a) = 28*a**2 - 385*a + 1311. Calculate z(5).
86
Let d(s) = s**3 + 3*s**2 - 90*s + 154. What is d(-12)?
-62
Let j(q) = -q**3 + 29*q**2 + 616*q - 67. Calculate j(43).
535
Let j(i) = 8860*i - 788529. What is j(89)?
11
Let i(s) = -110*s + 4059. Give i(45).
-891
Let r(y) = y**2 - 217*y + 12848. Give r(84).
1676
Let o(q) = q + 412. What is o(-158)?
254
Let w(v) = -247*v**2 + 404*v + 25. What is w(1)?
182
Let d(r) = 8*r**2 + 7140*r + 14353. What is d(-2)?
105
Let l(g) = 2*g**2 + 80*g - 356. Give l(-20).
-1156
Let o(z) = -z**3 + 36*z**2 - 953*z + 39112. Determine o(38).
10
Let f(s) = 8364*s - 75195. What is f(9)?
81
Let l(o) = -4*o**3 - 269*o**2 + 218*o + 1387. What is l(-68)?
435
Let a(l) = -407*l + 33928. Determine a(83).
147
Let m(s) = 675*s + 6936. Determine m(-10).
186
Let r(x) = x**3 + 293*x**2 + 1137*x + 980. Determine r(-289).
6471
Let k(g) = 12*g**2 + 3942*g + 13599. Give k(-325).
-51
Let g(h) = -5*h**2 - 878*h - 23032. Give g(-32).
-56
Let l(o) = -7*o**3 + 99*o**2 + 60*o - 151. Calculate l(14).
885
Let g(d) = d**3 - 3*d**2 - 111*d + 1296. Determine g(16).
2848
Let r(u) = 763*u**3 + 11*u**2 - 71*u + 78. Calculate r(2).
6084
Let u(l) = 551756*l + 6069206. Give u(-11).
-110
Let w(j) = -10129*j + 20210. Calculate w(2).
-48
Let y(u) = 12*u**2 - 5743*u + 20420. Determine y(475).
-5
Let d(s) = -75617*s - 6729915. What is d(-89)?
-2
Let x(j) = -j**2 - 853*j + 55690. Calculate x(61).
-64
Let b(i) = -i**3 + 32*i**2 - 337*i - 12053. Determine b(-13).
-67
Let t(r) = 9*r**2 + 221*r - 95. Determine t(-5).
-975
Let t(l) = -l**2 + 408*l - 22563. Calculate t(66).
9
Let v(r) = 5*r**3 - 1175*r**2 + 30*r - 7037. What is v(235)?
13
Let o(g) = -15*g**3 + 196*g**2 - 34*g + 198. Calculate o(13).
-75
Let q(a) = 61*a**2 + 69*a - 287. Give q(4).
965
Let v(x) = 89*x + 2059. Give v(-39).
-1412
Let v(o) = -o**3 - 10*o**2 + 268*o + 214. Calculate v(-22).
126
Let s(n) = n**3 - 51*n**2 + 1483*n - 73718. Give s(50).
-2068
Let o(j) = 167*j - 54863. What is o(332)?
581
Let x(w) = -5*w**2 - 251*w - 2803. Give x(-12).
-511
Let h(d) = -d**3 - 152*d**2 + 431*d + 52. What is h(3)?
-50
Let j(g) = 25*g**2 - 820*g - 1038. Calculate j(34).
-18
Let h(l) = -l**3 - 17*l**2 + 271*l + 3341. Calculate h(-12).
-631
Let u(r) = -r**3 + 90*r**2 - 70*r + 1623. Determine u(90).
-4677
Let s(q) = q**3 + 195*q**2 - 1004*q - 756. Calculate s(-200).
44
Let v(n) = -2835*n - 9178. What is v(-3)?
-673
Let c(m) = 58*m + 10488. Determine c(-151).
1730
Let v(r) = -2*r**2 - 1476*r + 104410. Calculate v(65).
20
Let a(f) = 53882*f + 5980897. Give a(-111).
-5
Let u(b) = 79*b**2 + 613*b - 2711. Determine u(-11).
105
Let s(z) = -66*z - 4320. Determine s(-63).
-162
Let a(v) = -8*v**2 - 73*v + 6. What is a(-12)?
-270
Let u(j) = -38*j**2 + 905*j - 54. Determine u(24).
-222
Let i(u) = 251*u + 13893. What is i(-55)?
88
Let t(k) = 5*k**2 - 54*k + 99. Calculate t(5).
-46
Let l(w) = 66*w**2 + 1446*w - 131. Calculate l(-22).
1
Let z(b) = 37995*b + 37981. Give z(-1).
-14
Let j(f) = -101500*f + 406025. Calculate j(4).
25
Let t(c) = -67764*c + 5556665. Calculate t(82).
17
Let p(z) = -3*z**3 + 22*z**2 + 104*z - 404. What is p(-5)?
1
Let o(n) = 54*n**2 - 6103*n + 108. Give o(113).
-5
Let k(c) = 2*c**3 + 553*c**2 + 32013*c + 594. Determine k(-194).
12
Let d(w) = 31*w**2 - 340*w + 27. Give d(11).
38
Let i(c) = 3620*c - 87278. Determine i(24).
-398
Let g(t) = 205*t - 5631. Determine g(35).
1544
Let d(n) = -16*n**2 - 52*n + 150. Calculate d(4).
-314
Let v(i) = 611*i**3 + 1826*i**2 + 16*i + 42. Determine v(-3).
-69
Let l(n) = 2*n**3 - 41*n**2 - 77*n + 5. What is l(-2)?
-21
Let t(b) = -3*b**3 + 320*b**2 + 516*b - 43766. What is t(107)?
-3
Let x(q) = -q**2 + 23*q + 183. Determine x(40).
-497
Let r(m) = 17*m**3 + 3*m**2 - 23*m - 58. Determine r(-4).
-1006
Let m(o) = 5*o**2 - 297*o - 614. Calculate m(-2).
0
Let a(x) = -x**3 - 130*x**2 + 16783*x + 1352. What is a(80)?
-8
Let y(d) = -4*d**3 + 618*d**2 + 934*d + 201. Give y(156).
-111
Let d(p) = -2732*p + 251319. Calculate d(92).
-25
Let r(t) = 143*t - 16848. Determine r(117).
-117
Let s(l) = l**2 + 99940*l + 2797510. Determine s(-28).
-26
Let i(o) = 35*o**3 - 33*o**2 + 59*o - 156. Give i(3).
669
Let v(y) = -3*y**2 + 1222*y - 124371. Give v(199).
4
Let t(y) = 3*y**3 - 183*y**2 - 28. What is t(61)?
-28
Let a(b) = -15298*b + 1407424. Determine a(92).
8
Let z(i) = -6*i**3 - 2294*i - 9141. Calculate z(-4).
419
Let t(j) = -6*j**2 + 67*j + 1797. What is t(22)?
367
Let q(a) = -25*a**2 + 617*a + 267. What is q(25)?
67
Let m(f) = -f**3 - 25*f**2 + 508*f - 1820. Give m(9).
-2
Let t(u) = 3*u**3 + 79*u**2 - 302*u - 2024. Calculate t(-29).
6
Let u(o) = -4*o**3 - 1946*o**2 + 1936*o + 8. Determine u(1).
-6
Let p(f) = 96*f**2 + 3963*f + 1171. Calculate p(-41).
64
Let i(d) = 6*d**2 + 434*d - 373. Calculate i(-73).
-81
Let k(c) = -16*c**2 + 821*c - 819. Determine k(1).
-14
Let h(w) = 10*w**3 - 44*w**2 - 4*w + 5. Give h(5).
135
Let a(l) = -159*l - 27839. Determine a(-176).
145
Let f(m) = 157*m - 1224. What is f(7)?
-125
Let k(i) = 5939925*i + 5939927. Give k(-1).
2
Let g(a) = a**3 + 69*a**2 + 419*a + 48. Determine g(-62).
978
Let k(q) = 2*q**3 - 98*q**2 + 945*q - 46490. Calculate k(49).
-185
Let b(r) = 559*r - 4607. Determine b(8).
-135
Let t(z) = -18*z**2 + 460*z - 2333. Calculate t(5).
-483
Let u(n) = -34813*n + 23324702. Give u(670).
-8
Let y(l) = l**2 - 10248*l - 133318. Determine y(-13).
75
Let o(f) = -68*f**2 - 3078*f - 768. Calculate o(-45).
42
Let d(m) = -1101*m**2 + 130*m + 39. Calculate d(-2).
-4625
Let f(v) = -1123*v**2 - 19*v. What is f(-1)?
-1104
Let k(s) = 2470*s - 86467. Calculate k(35).
-17
Let o(l) = -1119*l + 333533. Determine o(298).
71
Let c(q) = 1159*q + 59306. What is c(-53)?
-2121
Let z(i) = -i**3 - 2*i**2 - 1646*i - 8277. Determine z(-5).
28
Let s(c) = 13*c**3 - 14*c - 16. Calculate s(-2).
-92
Let c(f) = -f**2 - 2562*f - 1637432. Calculate c(-1341).
-71
Let w(b) = 18*b**2 + 212*b - 7. What is w(7)?
2359
Let c(g) = -2*g**3 + 12*g**2 - 42*g + 527. Calculate c(8).
-65
Let q(t) = -t**3 + 206*t**2 - 996*t - 1784. Give q(201).
25
Let t(r) = -391*r**3 - 59*r**2 - 2*r - 4. What is t(0)?
-4
Let d(s) = -222*s**3 - 6*s**2 - 11*s + 17. Determine d(1).
-222
Let s(d) = -5*d**2 - 218*d - 3647. Calculate s(-29).
-1530
Let d(b) = -145*b**2 + 5380*b - 590. Determine d(37).
-35
Let v(i) = 35*i - 2733. What is v(65)?
-458
Let d(y) = -4*y**2 + 212*y - 1996. Calculate d(27).
812
Let f(t) = -474*t + 569. What is f(1)?
95
Let x(c) = 929*c**2 + 8272*c - 5. Determine x(-8).
-6725
Let b(d) = -5*d**2 - 16*d + 416. Give b(8).
-32
Let t(d) = 20196*d - 20153. Calculate t(1).
43
Let y(a) = -a**2 - 5975*a + 113884. Give y(19).
-2
Let u(c) = c**2 - 2135*c + 183985. Calculate u(90).
-65
Let p(x) = -6986*x - 7625. Determine p(-1).
-639
Let d(a) = 2*a**2 - 167*a - 1460. Determine d(91).
-95
Let b(l) = -4849*l - 155180. Determine b(-32).
-12
Let q(j) = -17*j**2 + 2460*j - 91. Give q(145).
-816
Let h(j) = -11*j**2 - 3162*j - 7684. Calculate h(-285).
11
Let r(z) = 3*z**2 - 13079*z + 26148. Determine r(2).
2
Let h(k) = -k**2 + 401*k + 20084. Determine h(-45).
14
Let s(m) = m**3 + 42*m**2 + 342*m + 45. Calculate s(-31).
14
Let r(i) = -10578*i - 179830. Give r(-17).
-4
Let h(a) = 944*a + 19830. Calculate h(-21).
6
Let v(m) = -66211*m + 2847115. Give v(43).
42
Let n(k) = -3*k**2 - 154*k - 864. Determine n(-45).
-9
Let t(n) = -33*n**2 - 2927*n + 907. Calculate t(-89).
17
Let a(g) = -1183*g + 2177. Calculate a(2).
-189
Let v(s) = -5*s**3 - 596*s**2 + 478*s - 781. Calculate v(-120).
-541
Let a(y) = -14*y**3 + 94*y**2 + 217*y - 1526. Calculate a(7).
-203
Let u(l) = -l**3 - 26*l**2 - 143*l + 390. Calculate u(-14).
40
Let b(x) = 948*x - 